u. Suppose 6*g - 1244 = -3*g - 74. Calculate the greatest common divisor of g and s.
10
Let g = -14349 - -20244. What is the highest common divisor of g and 45?
45
Suppose -4*z - 1757 = -1781. Calculate the greatest common divisor of 238 and z.
2
Let y = 66 + 3. Suppose 3*s - 43 = -3*c + s, y = 4*c + 5*s. Suppose -4*d + 764 - 280 = 0. Calculate the greatest common divisor of d and c.
11
Suppose 2*p + 2*u - 44 = 0, 3*p - 54 = -2*u + 17. Suppose 0 = 25*h - p*h + 416. What is the greatest common divisor of h and 26?
26
Suppose 28*x = 15*x + 182. Suppose 12 = -k + 5*k. Let u be 98 + 0/(k - 4). Calculate the greatest common factor of x and u.
14
Let t be 782 - ((-4)/(-22) - (-17 - 1169/(-77))). Calculate the highest common divisor of 13845 and t.
195
Let y be 76/1406 - 7777653/(-111). Calculate the highest common divisor of 41 and y.
41
Let r be 21 - (585/(-325) + (118/5)/2). Let k(c) = 57*c - 1. Let z be k(1). Let d = z + 21. Calculate the greatest common divisor of d and r.
11
Let f = 63 - 35. Suppose -4 = b, g + 26*b = 27*b + 18. Suppose 4*m - g = -0*c - 2*c, 3*m = -4*c + f. What is the greatest common divisor of c and 14?
7
Let o(r) = 35*r + 957. Let w be o(-3). What is the greatest common factor of w and 48?
12
Let p be 2 + (2*1 - (-13 + 10)). Suppose -4*m + 312 = 3*o, -2*o + p*o - 4*m - 520 = 0. Suppose 18*d - o = 5*d. Calculate the highest common divisor of d and 8.
8
Suppose -3072 = -l + 2*g, 4*l - 10*g + 7*g - 12283 = 0. Calculate the greatest common divisor of 30 and l.
10
Suppose 56 = 5*y - 54. Suppose -5*r + y - 7 = 0. Suppose 6*z - 179 = -r*o + z, 2*z = -2*o + 118. Calculate the greatest common divisor of o and 145.
29
Let r = -8 - -15. Let m = 9 - r. Suppose p + m*p = i - 75, p - 95 = -i. What is the greatest common divisor of 60 and i?
30
Let u(r) = -127*r**3 + 12*r + 13. Let z be u(-1). Calculate the highest common factor of 96 and z.
32
Suppose 269 + 42 - 79 = 29*g. What is the greatest common divisor of 808 and g?
8
Let y be (242/10 + 1)*5. Suppose -v - 5*r - 31 = v, 28 = -5*v + 4*r. Let k(o) = -5*o - 22. Let c be k(v). What is the highest common factor of c and y?
18
Let y = 20 - -19. Suppose 4*t - r + 83 = 187, -52 = -2*t - 2*r. Calculate the greatest common divisor of y and t.
13
Let p(b) = -375*b - 1550. Let a be p(-6). Calculate the highest common factor of 532 and a.
28
Let v(z) = -15*z + 1. Suppose 40 = 2*a + 5*q, -3*a = 4*q - 9*q - 60. Suppose -a = 5*f + 25. Let k be v(f). What is the highest common divisor of k and 34?
34
Let v(q) = q**2 - 228*q + 425. Let u be v(0). What is the greatest common divisor of u and 575?
25
Suppose 2*g + 12 = -4*a, -4*g - g - 30 = 2*a. Let s be (-6)/g - (0 - 18/2). Let o = -9 + s. Calculate the highest common factor of o and 7.
1
Let y(s) = s**3 - 5*s**2 - 69*s + 169. Let j be y(11). Calculate the greatest common factor of 20 and j.
4
Let v(u) = -17*u + 4. Let t be v(-3). Suppose 5*n - k = 1926, -72*n + 69*n + 1158 = -3*k. Calculate the highest common factor of n and t.
55
Let q = -158 - -249. Let x = q - 88. What is the greatest common factor of x and 1?
1
Suppose 4*x - 31 = 17. Suppose -5*p = -25, -7*k + 3*k - 132 = -4*p. Let d be (k/5)/(x/(-30)). What is the highest common factor of d and 2?
2
Suppose -3*o + 3*a = -483, -497 = 7*o - 10*o + a. Calculate the highest common divisor of o and 56.
56
Let j be ((-1376)/(-36))/((-18)/(-81)). Calculate the greatest common factor of j and 1204.
172
Let j be ((-8)/40)/((-10)/(-20)) - (-3516)/15. Let r = -45 - -24. Let l be 108/r*(-7)/2. Calculate the greatest common factor of j and l.
18
Let o be (((-384)/1600)/(1/95))/(2/(-10)). Calculate the highest common factor of 1862 and o.
38
Suppose -61*w - 33*w + 218707 = 39355. What is the highest common divisor of 252 and w?
36
Let t be (-6)/(-18) - 69/(-9). Suppose 0 = 4*q - 7*s + t*s - 272, 3*s = 4*q - 272. What is the highest common divisor of 238 and q?
34
Suppose z = 95 - 277. Suppose -4*r + n + 560 = -961, -5 = 5*n. Let i = r + z. Calculate the greatest common divisor of 33 and i.
33
Let g(i) = -5*i + 174. Let s be g(34). Suppose -9*p + 875 = -s*p. What is the greatest common factor of 25 and p?
25
Let c = 76 + -48. Let t = -84 - -90. Suppose 0 = 5*r + 3*d - 29 + t, -5*d = -r + 27. Calculate the highest common divisor of c and r.
7
Let t = -6389 - -9419. What is the highest common factor of t and 150?
30
Suppose 2*j - 216 = j + 3*f, 848 = 4*j - 4*f. Let y(l) = l**2 + 57*l - 6564. Let p be y(-116). Calculate the greatest common divisor of p and j.
70
Suppose -22*d - 2*s - 416 = -23*d, d + 2*s = 424. Calculate the greatest common factor of 1995 and d.
105
Let r = -2 + 17. Let u be (76/(-5))/((-6)/r). Let y = 1204 - 1090. What is the highest common factor of y and u?
38
Let r be 245/(-98) - (8/4)/(4/(-1427)). Calculate the highest common factor of r and 4503.
237
Let a be ((-3)/(-6))/(((-46)/12)/23). Let t(u) = 27*u**2 - 5*u + 8. Let r be t(a). Calculate the greatest common factor of 14 and r.
14
Let v = -2487 + 2557. Let u(p) = p**3 + 10*p**2 + 8*p + 5. Let s be u(-9). What is the highest common factor of v and s?
14
Suppose 5*j - z - 763 = -66, -5*j - z + 693 = 0. What is the highest common divisor of 1807 and j?
139
Let a(s) = 2*s**2 - 10*s - 51. Let h be a(-4). Suppose 21 = 2*g - h. What is the highest common factor of g and 63?
21
Let m(x) be the first derivative of x**4/4 + 3*x**3 - 5*x**2/2 - 31*x + 232. Let w be m(-9). What is the highest common divisor of w and 238?
14
Suppose 45*n = 28*n - 37*n + 378. Calculate the greatest common factor of n and 71.
1
Let i = 54 + -57. Let q be ((-120)/18)/10 - 650/i. What is the highest common factor of 27 and q?
27
Suppose 0 = -3*p - 199 + 1687. Suppose -5*y = 5*a - 180, -4*a - 175 = -5*y - 8*a. Calculate the highest common factor of y and p.
31
Let m be ((31716/(-27))/(2/6))/1. Let l be m/(-14) - 2/(-14)*2. What is the highest common factor of 63 and l?
63
Suppose -4*t - x + 298 = 4*x, -3*t + 224 = 4*x. Suppose -3*v - 18 = -t. Let y(g) = -4*g - 2. Let r be y(-2). Calculate the greatest common factor of v and r.
6
Let f(x) = 3*x**2 - 2. Let i be f(-3). Let c = -126 - -644. Let z = c + -293. Calculate the highest common divisor of z and i.
25
Let c be -14 - (7 + -50 - 13). Suppose -4*k - 2*x - 275 + 1189 = 0, 0 = 3*k + 3*x - 678. What is the highest common divisor of c and k?
21
Let i(b) = -9*b - 16. Let p be i(-6). Suppose -2*y - 5*x + p = 0, -y - x + 44 = 2*y. Calculate the greatest common divisor of 14 and y.
14
Let s(q) = 15*q**2 + 58*q - 1. Let u be s(10). What is the greatest common factor of u and 231?
231
Let r be -11 - (-12)/(-18)*-48 - (1 + 0). What is the greatest common divisor of r and 32100?
20
Let i = -635 + 417. Let a = -174 - i. Calculate the highest common factor of a and 28.
4
Let r = 5777 + -5297. Calculate the greatest common divisor of r and 900.
60
Let n(a) = 2*a**2 + 9*a - 3. Let x(i) = -3*i**2 - 19*i + 6. Let j(w) = -5*n(w) - 3*x(w). Let z be j(7). What is the greatest common divisor of z and 16?
16
Let o be (-12)/78 + (-72128)/(-364). What is the highest common divisor of 342 and o?
18
Let c = -71 - -73. Suppose c*a = 4*a + 4*w - 16, 4*a + 4 = 4*w. Calculate the highest common factor of a and 2.
2
Let u be -2 + (-53 - 4 - -7). Suppose 4*w + t - 6*t = 503, -4*t = -5*w + 622. Let s = u + w. Calculate the highest common divisor of s and 105.
35
Suppose 0 = -3*d + 830 + 2419. Let l be d/6 - 2/4. Let r(y) = -269*y - 6436. Let k be r(-24). Calculate the greatest common divisor of l and k.
20
Suppose -5*b - 116 = 5*m - 1201, 16 = 4*m. Calculate the greatest common factor of b and 6.
3
Suppose 87 - 96 = -b. Let z = b - -63. Let g = 27 + -18. What is the greatest common divisor of g and z?
9
Let l be ((-5)/(-25)*(13 - 10))/(4/60). What is the greatest common factor of 1371 and l?
3
Suppose -m + 176 = -0*m. Let n = -226 - -226. Suppose -107*y + 108*y - 22 = n. Calculate the highest common divisor of y and m.
22
Suppose -4*h = i - 5 - 5, 5*i = h + 8. Let s = -839 - -842. Suppose 3*k + 0*q = -s*q + 96, 4*k - 104 = h*q. What is the highest common divisor of 70 and k?
14
Let k = -7919 - -9276. What is the highest common factor of 649 and k?
59
Let m be 14/133 + 534*130/1140. Let q be 0/(-1) + (0 - -549). Calculate the highest common factor of